{"id":43,"date":"2025-01-01T12:31:00","date_gmt":"2025-01-01T12:31:00","guid":{"rendered":"https:\/\/sergioasian.es\/?page_id=43"},"modified":"2025-05-06T16:46:21","modified_gmt":"2025-05-06T16:46:21","slug":"curriculum","status":"publish","type":"page","link":"https:\/\/sergioasian.es\/index.php\/curriculum\/","title":{"rendered":"Curriculum"},"content":{"rendered":"\t\t<div data-elementor-type=\"wp-page\" data-elementor-id=\"43\" class=\"elementor elementor-43\">\n\t\t\t\t\t\t<section class=\"elementor-section elementor-top-section elementor-element elementor-element-60ddc60e elementor-section-boxed elementor-section-height-default elementor-section-height-default\" data-id=\"60ddc60e\" data-element_type=\"section\">\n\t\t\t\t\t\t<div class=\"elementor-container elementor-column-gap-default\">\n\t\t\t\t\t<div class=\"elementor-column elementor-col-100 elementor-top-column elementor-element elementor-element-71b5515a\" data-id=\"71b5515a\" data-element_type=\"column\">\n\t\t\t<div class=\"elementor-widget-wrap elementor-element-populated\">\n\t\t\t\t\t\t<div class=\"elementor-element elementor-element-31f66af elementor-widget elementor-widget-text-editor\" data-id=\"31f66af\" data-element_type=\"widget\" data-widget_type=\"text-editor.default\">\n\t\t\t\t<div class=\"elementor-widget-container\">\n\t\t\t\t\t\t\t\t\t\r\n<div class=\"wp-block-media-text alignwide is-stacked-on-mobile\" style=\"grid-template-columns: 52% auto;\">\r\n<figure class=\"wp-block-media-text__media\"><img fetchpriority=\"high\" decoding=\"async\" class=\"wp-image-8188  alignleft\" src=\"https:\/\/sergioasian.es\/wp-content\/uploads\/2021\/11\/PhotoRoom_20211123_231411-300x273.jpeg\" alt=\"\" width=\"436\" height=\"397\" srcset=\"https:\/\/sergioasian.es\/wp-content\/uploads\/2021\/11\/PhotoRoom_20211123_231411-300x273.jpeg 300w, https:\/\/sergioasian.es\/wp-content\/uploads\/2021\/11\/PhotoRoom_20211123_231411-1024x933.jpeg 1024w, https:\/\/sergioasian.es\/wp-content\/uploads\/2021\/11\/PhotoRoom_20211123_231411-768x700.jpeg 768w, https:\/\/sergioasian.es\/wp-content\/uploads\/2021\/11\/PhotoRoom_20211123_231411.jpeg 1080w\" sizes=\"(max-width: 436px) 100vw, 436px\" \/><strong>SERGIO ASI\u00c1N<\/strong> es Licenciado Superior en Direcci\u00f3n Coral por el Conservatorio Superior de M\u00fasica &#8220;Manuel Castillo&#8221; de Sevilla, bajo la c\u00e1tedra de Ricardo Rodr\u00edguez Palacios.<\/figure>\r\n<figure><\/figure>\r\n<div class=\"wp-block-media-text__content\">\r\n\r\n\r\n<p>Es director del Coro &#8220;Santa Mar\u00eda&#8221; de Coria del R\u00edo (Sevilla) desde abril de 1995, tres a\u00f1os despu\u00e9s de haber comenzado sus estudios en el Conservatorio Elemental de M\u00fasica de la misma localidad.<\/p>\r\n\r\n\r\n\r\n<p>Termina el Grado Profesional en la especialidad de piano con los profesores Arnold W. Collado, \u00a0Jos\u00e9 Ram\u00f3n Molero, y Arancha Aranzaz\u00fa, y se especializa en Direcci\u00f3n Coral accediendo al Conservatorio Superior de Sevilla en 2004.<\/p>\r\n\r\n\r\n\r\n<p>Desde 1994 realiza composiciones tanto instrumentales como para Coro, y estrena en 1996 su primera &#8220;Misa Brevis&#8221;.<\/p>\r\n<\/div>\r\n<\/div>\r\n<!-- \/wp:media-text -->\r\n\r\n<!-- wp:paragraph {\"style\":{\"typography\":{\"fontSize\":1}}} -->\r\n<p style=\"font-size: 1px;\">Licenciado Superior en Direcci\u00f3n Coral por el Conservatorio Superior de M\u00fasica &#8220;Manuel Castillo&#8221; de Sevilla, bajo la c\u00e1tedra de Ricardo Rodr\u00edguez Palacio<\/p>\r\n<!-- \/wp:paragraph -->\r\n\r\n<!-- wp:paragraph -->\r\n<p>En marzo de 2000 estrena su primera composici\u00f3n para Banda de M\u00fasica &#8220;T\u00fa, Soledad&#8221; as\u00ed como la marcha &#8220;Santa Maria de la Estrella&#8221; en junio de 2001, ambas por la Banda Municipal de Coria del R\u00edo.<\/p>\r\n<!-- \/wp:paragraph -->\r\n\r\n<!-- wp:paragraph -->\r\n<p>En 2003 estrena varias composiciones para coro que dedica al Coro Santa Mar\u00eda con motivo de su X Aniversario, as\u00ed como la obra &#8220;Umbrete es&#8221; que dedica a la ciudad de Umbrete ( Sevilla), obra para Coro mixto y Banda de M\u00fasica.<\/p>\r\n<!-- \/wp:paragraph -->\r\n\r\n<!-- wp:paragraph -->\r\n<p>En junio de 2005 estrena su tercera marcha procesional (Madre de la Soledad Coronada) con motivo de la Coronaci\u00f3n Can\u00f3nica de la Virgen de la Soledad de Coria del R\u00edo, as\u00ed como el Himno de Coronaci\u00f3n y algunas composiciones m\u00e1s que completar\u00edan la Misa de Coronaci\u00f3n.<\/p>\r\n<!-- \/wp:paragraph -->\r\n\r\n<!-- wp:paragraph -->\r\n<p>En marzo de 2006 presenta y estrena en Sevilla &#8220;Stabat Mater Dolorosa&#8221;, obra para coro mixto, solistas y orquesta. Dicha presentaci\u00f3n, a modo de selecci\u00f3n de movimientos, se realiza en la Parroquia de Ntra. Sra. de los Dolores del Cerro del \u00c1guila.<\/p>\r\n<!-- \/wp:paragraph -->\r\n\r\n<!-- wp:paragraph -->\r\n<p>A partir de febrero de 2007 inicia una serie de composiciones para voces graves y capilla musical dedicadas a la Hdad. de la Vera-Cruz de Coria del R\u00edo, culminando en 2010 con el Himno a Jes\u00fas de la Vera-Cruz que compone para esta Hermandad. Su estreno se realiz\u00f3 en marzo de 2012.<\/p>\r\n<!-- \/wp:paragraph -->\r\n\r\n<!-- wp:paragraph -->\r\n<p>Desde 2007 inicia un proyecto musical que da como resultado el Cuarteto de Voces Graves &#8220;Punctum Mora Vocis&#8221; con el que interpreta un importante repertorio vocal del renacimiento, as\u00ed como numerosas composiciones propias. Este proyecto termina en septiembre de 2013.<\/p>\r\n<!-- \/wp:paragraph -->\r\n\r\n<!-- wp:paragraph -->\r\n<p>Ha sido cantor del Coro &#8220;Manuel de Falla&#8221; del Conservatorio Superior de Sevilla, bajo la direcci\u00f3n de Ricardo Rodr\u00edguez Palacios desde octubre de 2004 hasta junio de 2011, siendo ayudante de direcci\u00f3n desde 2010. As\u00ed como ha participado como solista en varias obras como &#8220;Visperas&#8221; de S. Rachmaninoff entre otras.<\/p>\r\n<!-- \/wp:paragraph -->\r\n\r\n<!-- wp:paragraph -->\r\n<p>Dirige la Escolan\u00eda &#8220;Virgen del Carmen&#8221; de la Hdad. de Jes\u00fas del Gran Poder de Coria del R\u00edo desde septiembre de 2012 hasta enero de 2014.<\/p>\r\n<!-- \/wp:paragraph -->\r\n\r\n<!-- wp:paragraph -->\r\n<p>Ha sido miembro de la Junta Directiva de la Federaci\u00f3n Sevillana de Coros desde noviembre de 2010 hasta junio de 2014,\u00a0 con quienes ha organizado Talleres Corales con Javier Busto, Dante Andreo, Julio Dom\u00ednguez, Tamara Brooks y Kevin Smith.<\/p>\r\n<!-- \/wp:paragraph -->\r\n\r\n<!-- wp:paragraph -->\r\n<p>En marzo de 2012 dedica y estrena para la Hdad. de la Vera-Cruz de Sevilla varias composiciones para coro mixto y cuarteto de voces graves, iniciando as\u00ed un ciclo de importantes composiciones para esta Hermandad que continua hoy d\u00eda.<\/p>\r\n<!-- \/wp:paragraph -->\r\n\r\n<!-- wp:paragraph -->\r\n<p>En noviembre de 2013, como continuaci\u00f3n del trabajo en las formaciones de voces graves, inicia un proyecto bajo el t\u00edtulo &#8220;De Profundis&#8221; con quienes trabaja un repertorio exclusivo para voces graves, centrado en un repertorio renacentista en contraposici\u00f3n de obras contempor\u00e1neas para este tipo de plantilla vocal. Una formaci\u00f3n de ocho voces que a\u00fan perdura en la actualidad con cierto prestigio y notoriedad.<\/p>\r\n<!-- \/wp:paragraph -->\r\n\r\n<!-- wp:paragraph -->\r\n<p>Como cantor solista ha interpretado papeles oper\u00edsticos como &#8220;Papageno&#8221; de La Flauta M\u00e1gica (W.A. Mozart) en junio de 2007, &#8220;Leporello&#8221; de Don Giovanni (W.A. Mozart) en junio de 2008, as\u00ed como tambi\u00e9n participa en numerosos actos religiosos dentro de los cultos de Hermandades como la del Gran Poder de Coria del R\u00edo, la Vera Cruz de Sevilla, El Cerro del \u00e1guila, Jes\u00fas de la Paz de la Parroquia de San Jos\u00e9 de Coria del R\u00edo, entre otras muchas.<\/p>\r\n<!-- \/wp:paragraph -->\r\n\r\n<!-- wp:paragraph -->\r\n<p>En agosto de 2013 viaj\u00f3 a Jap\u00f3n con el Coro &#8220;Santa Mar\u00eda&#8221; representando a Espa\u00f1a en el a\u00f1o dual Espa\u00f1a-Jap\u00f3n ofreciendo all\u00ed dos conciertos, as\u00ed como tambi\u00e9n dirige el proyecto &#8220;El sue\u00f1o del Samurai&#8221; de Mine Kawakami ofrecido en julio de 2014 en el Teatro Real (Madrid).<\/p>\r\n<!-- \/wp:paragraph -->\r\n\r\n<!-- wp:paragraph -->\r\n<p>En la actualidad, compatibiliza el trabajo con las formaciones vocales anteriormente citadas con su puesto de es profesor interino en la especialidad de Coro en los Conservatorios de Baza y Guadix (2011), \u00dabeda (2013- 2016-17), El Ejido (2014), Huelva (2018), Algeciras (2019), Bollullos Par del Condado (2020-21-22), Jerez de la Frontera (2023) y Bollullos Par del Condado (2024).<\/p>\r\n<!-- \/wp:paragraph -->\t\t\t\t\t\t\t\t<\/div>\n\t\t\t\t<\/div>\n\t\t\t\t\t<\/div>\n\t\t<\/div>\n\t\t\t\t\t<\/div>\n\t\t<\/section>\n\t\t\t\t<\/div>\n\t\t","protected":false},"excerpt":{"rendered":"<p>SERGIO ASI\u00c1N es Licenciado Superior en Direcci\u00f3n Coral por el Conservatorio Superior de M\u00fasica &#8220;Manuel Castillo&#8221; de Sevilla,&#8230;<\/p>\n","protected":false},"author":1,"featured_media":0,"parent":0,"menu_order":0,"comment_status":"closed","ping_status":"closed","template":"","meta":{"footnotes":""},"class_list":["post-43","page","type-page","status-publish","hentry"],"_links":{"self":[{"href":"https:\/\/sergioasian.es\/index.php\/wp-json\/wp\/v2\/pages\/43","targetHints":{"allow":["GET"]}}],"collection":[{"href":"https:\/\/sergioasian.es\/index.php\/wp-json\/wp\/v2\/pages"}],"about":[{"href":"https:\/\/sergioasian.es\/index.php\/wp-json\/wp\/v2\/types\/page"}],"author":[{"embeddable":true,"href":"https:\/\/sergioasian.es\/index.php\/wp-json\/wp\/v2\/users\/1"}],"replies":[{"embeddable":true,"href":"https:\/\/sergioasian.es\/index.php\/wp-json\/wp\/v2\/comments?post=43"}],"version-history":[{"count":26,"href":"https:\/\/sergioasian.es\/index.php\/wp-json\/wp\/v2\/pages\/43\/revisions"}],"predecessor-version":[{"id":8447,"href":"https:\/\/sergioasian.es\/index.php\/wp-json\/wp\/v2\/pages\/43\/revisions\/8447"}],"wp:attachment":[{"href":"https:\/\/sergioasian.es\/index.php\/wp-json\/wp\/v2\/media?parent=43"}],"curies":[{"name":"wp","href":"https:\/\/api.w.org\/{rel}","templated":true}]}}

<div data-elementor-type="wp-page" data-elementor-id="43" class="elementor elementor-43">
						<section class="elementor-section elementor-top-section elementor-element elementor-element-60ddc60e elementor-section-boxed elementor-section-height-default elementor-section-height-default" data-id="60ddc60e" data-element_type="section">
						<div class="elementor-container elementor-column-gap-default">
					<div class="elementor-column elementor-col-100 elementor-top-column elementor-element elementor-element-71b5515a" data-id="71b5515a" data-element_type="column">
			<div class="elementor-widget-wrap elementor-element-populated">
						<div class="elementor-element elementor-element-31f66af elementor-widget elementor-widget-text-editor" data-id="31f66af" data-element_type="widget" data-widget_type="text-editor.default">
				<div class="elementor-widget-container">
									
<div class="wp-block-media-text alignwide is-stacked-on-mobile" style="grid-template-columns: 52% auto;">
<figure class="wp-block-media-text__media"><img fetchpriority="high" decoding="async" class="wp-image-8188  alignleft" src="https://sergioasian.es/wp-content/uploads/2021/11/PhotoRoom_20211123_231411-300x273.jpeg" alt="" width="436" height="397" srcset="https://sergioasian.es/wp-content/uploads/2021/11/PhotoRoom_20211123_231411-300x273.jpeg 300w, https://sergioasian.es/wp-content/uploads/2021/11/PhotoRoom_20211123_231411-1024x933.jpeg 1024w, https://sergioasian.es/wp-content/uploads/2021/11/PhotoRoom_20211123_231411-768x700.jpeg 768w, https://sergioasian.es/wp-content/uploads/2021/11/PhotoRoom_20211123_231411.jpeg 1080w" sizes="(max-width: 436px) 100vw, 436px" /><strong>SERGIO ASIÁN</strong> es Licenciado Superior en Dirección Coral por el Conservatorio Superior de Música &#8220;Manuel Castillo&#8221; de Sevilla, bajo la cátedra de Ricardo Rodríguez Palacios.</figure>
<figure></figure>
<div class="wp-block-media-text__content">


<p>Es director del Coro &#8220;Santa María&#8221; de Coria del Río (Sevilla) desde abril de 1995, tres años después de haber comenzado sus estudios en el Conservatorio Elemental de Música de la misma localidad.</p>



<p>Termina el Grado Profesional en la especialidad de piano con los profesores Arnold W. Collado,  José Ramón Molero, y Arancha Aranzazú, y se especializa en Dirección Coral accediendo al Conservatorio Superior de Sevilla en 2004.</p>



<p>Desde 1994 realiza composiciones tanto instrumentales como para Coro, y estrena en 1996 su primera &#8220;Misa Brevis&#8221;.</p>
</div>
</div>
<!-- /wp:media-text -->

<!-- wp:paragraph {"style":{"typography":{"fontSize":1}}} -->
<p style="font-size: 1px;">Licenciado Superior en Dirección Coral por el Conservatorio Superior de Música &#8220;Manuel Castillo&#8221; de Sevilla, bajo la cátedra de Ricardo Rodríguez Palacio</p>
<!-- /wp:paragraph -->

<!-- wp:paragraph -->
<p>En marzo de 2000 estrena su primera composición para Banda de Música &#8220;Tú, Soledad&#8221; así como la marcha &#8220;Santa Maria de la Estrella&#8221; en junio de 2001, ambas por la Banda Municipal de Coria del Río.</p>
<!-- /wp:paragraph -->

<!-- wp:paragraph -->
<p>En 2003 estrena varias composiciones para coro que dedica al Coro Santa María con motivo de su X Aniversario, así como la obra &#8220;Umbrete es&#8221; que dedica a la ciudad de Umbrete ( Sevilla), obra para Coro mixto y Banda de Música.</p>
<!-- /wp:paragraph -->

<!-- wp:paragraph -->
<p>En junio de 2005 estrena su tercera marcha procesional (Madre de la Soledad Coronada) con motivo de la Coronación Canónica de la Virgen de la Soledad de Coria del Río, así como el Himno de Coronación y algunas composiciones más que completarían la Misa de Coronación.</p>
<!-- /wp:paragraph -->

<!-- wp:paragraph -->
<p>En marzo de 2006 presenta y estrena en Sevilla &#8220;Stabat Mater Dolorosa&#8221;, obra para coro mixto, solistas y orquesta. Dicha presentación, a modo de selección de movimientos, se realiza en la Parroquia de Ntra. Sra. de los Dolores del Cerro del Águila.</p>
<!-- /wp:paragraph -->

<!-- wp:paragraph -->
<p>A partir de febrero de 2007 inicia una serie de composiciones para voces graves y capilla musical dedicadas a la Hdad. de la Vera-Cruz de Coria del Río, culminando en 2010 con el Himno a Jesús de la Vera-Cruz que compone para esta Hermandad. Su estreno se realizó en marzo de 2012.</p>
<!-- /wp:paragraph -->

<!-- wp:paragraph -->
<p>Desde 2007 inicia un proyecto musical que da como resultado el Cuarteto de Voces Graves &#8220;Punctum Mora Vocis&#8221; con el que interpreta un importante repertorio vocal del renacimiento, así como numerosas composiciones propias. Este proyecto termina en septiembre de 2013.</p>
<!-- /wp:paragraph -->

<!-- wp:paragraph -->
<p>Ha sido cantor del Coro &#8220;Manuel de Falla&#8221; del Conservatorio Superior de Sevilla, bajo la dirección de Ricardo Rodríguez Palacios desde octubre de 2004 hasta junio de 2011, siendo ayudante de dirección desde 2010. Así como ha participado como solista en varias obras como &#8220;Visperas&#8221; de S. Rachmaninoff entre otras.</p>
<!-- /wp:paragraph -->

<!-- wp:paragraph -->
<p>Dirige la Escolanía &#8220;Virgen del Carmen&#8221; de la Hdad. de Jesús del Gran Poder de Coria del Río desde septiembre de 2012 hasta enero de 2014.</p>
<!-- /wp:paragraph -->

<!-- wp:paragraph -->
<p>Ha sido miembro de la Junta Directiva de la Federación Sevillana de Coros desde noviembre de 2010 hasta junio de 2014,  con quienes ha organizado Talleres Corales con Javier Busto, Dante Andreo, Julio Domínguez, Tamara Brooks y Kevin Smith.</p>
<!-- /wp:paragraph -->

<!-- wp:paragraph -->
<p>En marzo de 2012 dedica y estrena para la Hdad. de la Vera-Cruz de Sevilla varias composiciones para coro mixto y cuarteto de voces graves, iniciando así un ciclo de importantes composiciones para esta Hermandad que continua hoy día.</p>
<!-- /wp:paragraph -->

<!-- wp:paragraph -->
<p>En noviembre de 2013, como continuación del trabajo en las formaciones de voces graves, inicia un proyecto bajo el título &#8220;De Profundis&#8221; con quienes trabaja un repertorio exclusivo para voces graves, centrado en un repertorio renacentista en contraposición de obras contemporáneas para este tipo de plantilla vocal. Una formación de ocho voces que aún perdura en la actualidad con cierto prestigio y notoriedad.</p>
<!-- /wp:paragraph -->

<!-- wp:paragraph -->
<p>Como cantor solista ha interpretado papeles operísticos como &#8220;Papageno&#8221; de La Flauta Mágica (W.A. Mozart) en junio de 2007, &#8220;Leporello&#8221; de Don Giovanni (W.A. Mozart) en junio de 2008, así como también participa en numerosos actos religiosos dentro de los cultos de Hermandades como la del Gran Poder de Coria del Río, la Vera Cruz de Sevilla, El Cerro del águila, Jesús de la Paz de la Parroquia de San José de Coria del Río, entre otras muchas.</p>
<!-- /wp:paragraph -->

<!-- wp:paragraph -->
<p>En agosto de 2013 viajó a Japón con el Coro &#8220;Santa María&#8221; representando a España en el año dual España-Japón ofreciendo allí dos conciertos, así como también dirige el proyecto &#8220;El sueño del Samurai&#8221; de Mine Kawakami ofrecido en julio de 2014 en el Teatro Real (Madrid).</p>
<!-- /wp:paragraph -->

<!-- wp:paragraph -->
<p>En la actualidad, compatibiliza el trabajo con las formaciones vocales anteriormente citadas con su puesto de es profesor interino en la especialidad de Coro en los Conservatorios de Baza y Guadix (2011), Úbeda (2013- 2016-17), El Ejido (2014), Huelva (2018), Algeciras (2019), Bollullos Par del Condado (2020-21-22), Jerez de la Frontera (2023) y Bollullos Par del Condado (2024).</p>
<!-- /wp:paragraph -->								</div>
				</div>
					</div>
		</div>
					</div>
		</section>
				</div>

<p>SERGIO ASIÁN es Licenciado Superior en Dirección Coral por el Conservatorio Superior de Música &#8220;Manuel Castillo&#8221; de Sevilla,&#8230;</p>
