{"id":93,"date":"2026-01-01T19:14:58","date_gmt":"2026-01-01T19:14:58","guid":{"rendered":"https:\/\/sergioasian.es\/?page_id=93"},"modified":"2026-01-07T12:43:05","modified_gmt":"2026-01-07T12:43:05","slug":"proximos-eventos","status":"publish","type":"page","link":"https:\/\/sergioasian.es\/index.php\/proximos-eventos\/","title":{"rendered":"Pr\u00f3ximos eventos"},"content":{"rendered":"<p><strong>VIERNES 6 DE FEBRERO DE 2026<\/strong><\/p>\n<p>Solemne Eucarist\u00eda Inicio del 425 Aniversario de la Hermandad de los Panaderos (Sevilla). Parroquia de San Andr\u00e9s. 20:00 h. (Coro &#8220;Santa Mar\u00eda&#8221;)<\/p>\n<p>&nbsp;<\/p>\n<p><strong>S\u00c1BADO 14 DE FEBRERO DE 2026<\/strong><\/p>\n<p>Funci\u00f3n Solemne Cautivo de Bollullos del Condado (Huelva). 19:30 h. (Pro Victoria)<\/p>\n<p>&nbsp;<\/p>\n<p><strong>DOMINGO 15 DE FEBRERO DE 2026<\/strong><\/p>\n<p>Funci\u00f3n Principal Agrupaci\u00f3n Parroquial Ntro. Padre Jes\u00fas de la Humildad. Parroquia de Ntra. Sra. de los \u00c1ngeles. Sevilla Este. 12:30 h. (Coro Santa Mar\u00eda).<\/p>\n<p>&nbsp;<\/p>\n<p><strong>MARTES 17 DE FEBRERO DE 2026<\/strong><\/p>\n<p>Quinario Hermandad de los Panaderos. Sevilla. 20:45 h. (D\u00fao y \u00f3rgano).<\/p>\n<p>&nbsp;<\/p>\n<p><strong>MI\u00c9RCOLES 18 DE FEBRERO DE 2026<\/strong><\/p>\n<p>Quinario Hermandad de la Vera Cruz. Capilla del Dulce Nombre. Sevilla. 20:45 h. (Solista).<\/p>\n<p>&nbsp;<\/p>\n<p><strong>JUEVES 19 DE FEBRERO DE 2026<\/strong><\/p>\n<p>Quinario Hermandad de la Vera Cruz. Capilla del Dulce Nombre. Sevilla. 20:45 h. (Solista).<\/p>\n<p>&nbsp;<\/p>\n<p><strong>VIERNES 20 DE FEBRERO DE 2026<\/strong><\/p>\n<p>Via Crucis Jes\u00fas de la Paz. Parroquia de San Jos\u00e9. Coria del R\u00edo. 21:00 h. (Solista).<\/p>\n<p>&nbsp;<\/p>\n<p><strong>S\u00c1BADO 21 DE FEBRERO DE 2026<\/strong><\/p>\n<p>Quinario Hermandad de la Vera Cruz. Capilla del Dulce Nombre. Sevilla. 20:45 h. (De Profundis).<\/p>\n<p>&nbsp;<\/p>\n<p><strong>DOMINGO 22 DE FEBRERO DE 2026<\/strong><\/p>\n<p>Funci\u00f3n Principal de Instituto Hermandad de la Vera-Cruz. Capilla del Dulce Nombre. Sevilla. 12:15 h. (Coro Santa Mar\u00eda).<\/p>\n<p>&nbsp;<\/p>\n<p><strong>VIERNES 27 DE FEBRERO DE 2026<\/strong><\/p>\n<p>II Encuentro de Arte Andaluz. Centro Cultural &#8220;Pastora Soler&#8221;. Coria del R\u00edo. 19:00 h. (Coro Santa Mar\u00eda).<\/p>\n<p>&nbsp;<\/p>\n<p><strong>S\u00c1BADO 28 DE FEBRERO DE 2026<\/strong><\/p>\n<p>Recital Coral Casa Museo de la Autonom\u00eda. Coria del R\u00edo. 13:00 h. (Coro Santa Mar\u00eda).<\/p>\n<p>Funci\u00f3n Principal Hdad. del Prendimiento (El Carpio, C\u00f3rdoba). 20:00 h. (De Profundis).<\/p>\n<p>&nbsp;<\/p>\n<p><strong>MARTES 4 DE MARZO DE 2026<\/strong><\/p>\n<p>Quinario Ntro Padre Jes\u00fas de la Paz. Parroquia de San Jos\u00e9 (Coria del R\u00edo). 19:00 h. (Solista)<\/p>\n<p>&nbsp;<\/p>\n<p><strong>VIERNES 6 DE MARZO DE 2026<\/strong><\/p>\n<p>Via-Crucis Hdad. de los Panaderos (Sevilla). 19:00 h. (De Profundis).<\/p>\n<p>&nbsp;<\/p>\n<p><strong>S\u00c1BADO 7 DE MARZO DE 2026<\/strong><\/p>\n<p>Boda. Parroquia de Santa Mar\u00eda de la Estrella. (Coria del R\u00edo). 12:00 h. (Coro &#8220;Santa Mar\u00eda&#8221;).<\/p>\n<p>Quinario Ntro Padre Jes\u00fas de la Paz. Parroquia de San Jos\u00e9 (Coria del R\u00edo). 19:00 h. (Solista).<\/p>\n<p>&nbsp;<\/p>\n<p><strong>DOMINGO 8 DE MARZO DE 2026<\/strong><\/p>\n<p>Funci\u00f3n Principal Hdad. del Dulce Nombre de Sevilla. 12:00 h. Parroquia de San Lorenzo. (Coria &#8220;Santa Mar\u00eda&#8221;).<\/p>\n<p>&nbsp;<\/p>\n<p><strong>VIERNES 13 DE MARZO DE 2026<\/strong><\/p>\n<p>Triduo Piedad de San Jos\u00e9. Parroquia de San Jos\u00e9 (Coria del R\u00edo). 19:00 h. (Solista).<\/p>\n<p>&nbsp;<\/p>\n<p><strong>S\u00c1BADO 14 DE MARZO DE 2026<\/strong><\/p>\n<p>Funci\u00f3n Principal Piedad de San Jos\u00e9. Parroquia de San Jos\u00e9 (Coria del R\u00edo). 19:00 h. (Coro &#8220;Santa Mar\u00eda&#8221;).<\/p>\n<p>&nbsp;<\/p>\n<p><strong>DOMINGO 15 DE MARZO DE 2026<\/strong><\/p>\n<p>Funci\u00f3n Principal Nazareno (Chiclana de la Frontera) 12:00 h. (D\u00fao &#8220;Kantan&#8221;).<\/p>\n<p>&nbsp;<\/p>\n<p><strong>JUEVES 19 DE MARZO DE 2026<\/strong><\/p>\n<p>Solemnidad de San Jos\u00e9. Parroquia de San Jos\u00e9 (Coria del R\u00edo). 19:00 h. (Coro &#8220;Santa Mar\u00eda&#8221;).<\/p>\n<p>&nbsp;<\/p>\n<p><strong>VIERNES 27 DE MARZO DE 2026<\/strong><\/p>\n<p>Via-Crucis Hdad. de la Vera-Cruz (Sevilla). 20:30 h. (De Profundis).<\/p>\n<p>&nbsp;<\/p>\n<p>&nbsp;<\/p>\n<p>&nbsp;<\/p>\n<p>&nbsp;<\/p>\n","protected":false},"excerpt":{"rendered":"<p>VIERNES 6 DE FEBRERO DE 2026 Solemne Eucarist\u00eda Inicio del 425 Aniversario de la Hermandad de los Panaderos&#8230;<\/p>\n","protected":false},"author":1,"featured_media":0,"parent":0,"menu_order":0,"comment_status":"closed","ping_status":"closed","template":"","meta":{"footnotes":""},"class_list":["post-93","page","type-page","status-publish","hentry"],"_links":{"self":[{"href":"https:\/\/sergioasian.es\/index.php\/wp-json\/wp\/v2\/pages\/93","targetHints":{"allow":["GET"]}}],"collection":[{"href":"https:\/\/sergioasian.es\/index.php\/wp-json\/wp\/v2\/pages"}],"about":[{"href":"https:\/\/sergioasian.es\/index.php\/wp-json\/wp\/v2\/types\/page"}],"author":[{"embeddable":true,"href":"https:\/\/sergioasian.es\/index.php\/wp-json\/wp\/v2\/users\/1"}],"replies":[{"embeddable":true,"href":"https:\/\/sergioasian.es\/index.php\/wp-json\/wp\/v2\/comments?post=93"}],"version-history":[{"count":43,"href":"https:\/\/sergioasian.es\/index.php\/wp-json\/wp\/v2\/pages\/93\/revisions"}],"predecessor-version":[{"id":8562,"href":"https:\/\/sergioasian.es\/index.php\/wp-json\/wp\/v2\/pages\/93\/revisions\/8562"}],"wp:attachment":[{"href":"https:\/\/sergioasian.es\/index.php\/wp-json\/wp\/v2\/media?parent=93"}],"curies":[{"name":"wp","href":"https:\/\/api.w.org\/{rel}","templated":true}]}}